) be the first derivative of -19*d - 13/2*d**2 - 32 + 13/3*d**3. Is m(-9) prime?
True
Suppose 917 = -8*m - 91. Let r = 1084 + m. Is 3/((-3 - (-2875)/r)*2) a prime number?
False
Suppose -7*b + 35859 = -18580. Let a = b + -4259. Is a composite?
True
Suppose -2*a - o = 185, -3*o - 2 = -5. Let g = a - -1654. Is g a prime number?
False
Let n = -16333 - -38622. Is n prime?
False
Suppose 4*n + 174442 = 1854550. Is n a prime number?
False
Suppose 2*v + 2*w - 4 - 2 = 0, -4*v - 5*w + 11 = 0. Suppose -x - 3*x = 3*i - v, 0 = 5*x - 2*i - 28. Suppose x*q = 296 + 480. Is q composite?
True
Let x(t) = -19506*t + 212. Let f be x(-9). Suppose f = 33*p - 10*p. Is p a prime number?
False
Let j(d) = d**3 - 17*d**2 - 58*d - 40. Let c be j(20). Is 19754/(-21)*(-3 + c) - 3 composite?
False
Let k be 2/6*(-25 + 50 + -25). Suppose -4*o = 0, -2*w - o + 354 = -w. Suppose 2*r + 5*d - 2047 = k, -r + 2*d = -1391 + w. Is r a composite number?
False
Let j(a) = -984*a**3 + 4*a**2 - 40*a - 131. Is j(-5) composite?
False
Suppose -14199 - 29041 = -8*y. Let m = -2528 + y. Suppose t + 5*u - 585 = 9*u, 5*t - 4*u - m = 0. Is t a prime number?
False
Let j(g) = 128*g**2 - 2*g - 5. Suppose 3*f + 4*n + 18 = 0, 7*n = -3*f + 4*n - 15. Is j(f) composite?
True
Let c(w) = 2004*w**2 + 223*w + 10. Is c(9) a prime number?
True
Let q(m) = 26*m - 4. Let u be q(2). Let i be (0 + 471/(-2))/(36/u). Let z = 437 - i. Is z prime?
True
Let v(f) = -20*f + 424. Let b be v(18). Is (-83630)/(-16) - ((-184)/b)/23 prime?
True
Let v be (-4)/(-9) + (-97806)/27. Let l = v + 11751. Is l a composite number?
True
Suppose -7*h + 10*h - 66 = 0. Suppose -46 = 4*t - h. Let w(i) = -3*i**3 + 12*i + 7. Is w(t) a prime number?
False
Suppose -25 - 17 = -14*s. Suppose 4*j = 5*r - 8*r - 6198, s*r + 6180 = 2*j. Let o = -943 - r. Is o a prime number?
False
Suppose 249 = -4*i + 5*z, -6*i = -2*i + 2*z + 242. Let u = 71 + i. Suppose -u*a + 1972 = -6*a. Is a composite?
True
Let v be (-30)/60 - 18/(-4). Is ((-8)/64*v)/((-2)/62636) a prime number?
False
Let s = 218804 - 129630. Is s prime?
False
Let l(u) = 4 + 0*u - 3 + 9 - 2*u. Let c be l(4). Is -3 + (3136/7 - (c + -2)) prime?
False
Let q(p) = p**2. Let x(l) = 270*l**2 + 14*l - 5. Let o(m) = 6*q(m) + x(m). Is o(-3) composite?
False
Let m(q) = 5394*q**3 + 6*q - 5. Let f be m(1). Suppose 0 = 6*i - 3*i - 4*c - 1384, 5*i - 4*c = 2320. Suppose -13*n + f = i. Is n composite?
False
Let z = 53589 + -1112. Is z a prime number?
False
Let p(s) = 1. Let a(i) = 11*i**2 + 6*i - 6. Let g(u) = -a(u) + p(u). Let h be g(-8). Let j = h + 1080. Is j a prime number?
True
Suppose 3*m + 6 = 0, 4*k - 2*m - 766 = m. Let b = k - 171. Is b a prime number?
True
Is 52/13*3281955/60 prime?
True
Let a(b) = 30*b - 73. Let o = 5 - -70. Suppose -2*q + 8 = 0, 0*c + o = 3*c + 3*q. Is a(c) prime?
True
Suppose -7*u - 1940 = -11705. Suppose 3*n - 3*a - u = 10947, 3*a - 20546 = -5*n. Is n a composite number?
False
Let h(n) = 6596*n**3 + n**2 + 25*n - 45. Is h(2) composite?
True
Let h = -14191 - -52470. Is h a composite number?
True
Suppose 89*u = 92*u. Let v = u + 5581. Is v composite?
False
Let y(c) = -2*c**3 - c**2 - 3*c + 3. Let i be y(0). Is (-17)/(51/(-62522)) + 1/i a prime number?
False
Suppose -6029 = 5*x - 2*z + 2742, -3*x = z + 5267. Is ((-422)/(-3))/((-90)/x) a composite number?
True
Let j(u) = 637*u**2 - 74*u + 31. Is j(6) a prime number?
False
Suppose -4*n + s - 150 = 3*s, 5*s - 93 = 2*n. Let a = n - -43. Suppose -4*b - a*p = -336, 0 = 3*p - 0*p - 15. Is b a composite number?
False
Let x = -44821 + 68850. Is x a composite number?
False
Suppose 0 = 14*y - 13*y - 463. Let d = y + -278. Is d a composite number?
True
Let t(u) be the third derivative of -353*u**4/24 + 2*u**3/3 - 4*u**2 - 4. Is t(-6) prime?
False
Suppose -5*c - 3*j = 38, c - 10 = 5*j - 40. Suppose -33*l - 204800 = -634658. Is (l/15 - -1) + 4/c a composite number?
True
Suppose 1071369 + 46568 = 20*q - 3*q. Is q prime?
True
Suppose 0*f - 4*f = -o - 19, -2*o + 10 = 0. Suppose 0 = -f*u - 14*u + 14120. Is u composite?
True
Suppose -11*b - 29 = -12*b. Let t = b - 26. Suppose 4*l = 0, -2*y + 445 = t*y + 4*l. Is y prime?
True
Suppose 668299 = 3*z + 4*k, -2*z + 445541 = -13*k + 14*k. Is z a prime number?
True
Let d(s) be the third derivative of s**8/2880 + s**7/840 - s**6/360 - 4*s**5/15 - 3*s**2. Let f(j) be the third derivative of d(j). Is f(-6) composite?
True
Suppose 7*f = 12*f - 15. Suppose 5*y - 47220 = -6*s + 7*s, f*y - 4*s - 28315 = 0. Is y a prime number?
False
Let k(t) = 19*t - 1. Let q be k(1). Let o be (-1 + 8)*-1 - -146. Let v = q + o. Is v a composite number?
False
Suppose 0 = 4*g - f - 59, 80 = 5*g - 0*f + 5*f. Suppose -3*n - g = 0, 0 = -4*c + 5*c + 3*n - 751. Is c a composite number?
True
Let j(o) = -12*o**3 + 2*o**2 + 2*o. Let s be j(-1). Let c be ((-6)/(-4))/(s/13696). Let p = c + -625. Is p a composite number?
False
Let r(b) = -b**2 + 11. Let y be r(0). Suppose h + y = 7. Is (-32709)/(-9) + h/(-6) a prime number?
False
Suppose 4*d - 2*k - 1721096 = 0, 5*d - 18*k + 14*k - 2151379 = 0. Is d composite?
True
Suppose -7*r + 27*r - 80 = 0. Is ((-50)/30)/(0 + r/(-62364)) a prime number?
False
Let v = 451405 - 219606. Is v prime?
True
Let p be (326/(-3))/((-1)/3). Let h = -99 + p. Is h/((-4)/20*-1) a composite number?
True
Suppose 0 = -6*v + 20831 + 11683. Let n = v - 1832. Is n composite?
True
Let s = 22842 + -8251. Is s prime?
True
Let y(a) = -a**3 - a**2 - a + 4. Let z be y(0). Suppose -p + 4763 = -0*b - 5*b, z*p = -b - 961. Is b*(-2 - 1 - -2) a composite number?
False
Suppose 0 = -4*n + 2*v + 193630, 4*n - 17*v = -12*v + 193621. Let y = -24656 + n. Is y a prime number?
True
Let j(s) = 3134*s**2 - 13*s + 27. Is j(4) prime?
True
Let f(v) = 8*v**2 - 285*v - 2176. Is f(-203) a composite number?
False
Let f(i) = i**3 + 4*i**2 - 4*i + 11. Let n be f(-5). Let j(t) = 5 + 28*t - 29*t - 2*t**2 + t**3 - 16. Is j(n) a prime number?
True
Suppose 4*n - u = 10495, 3*n - 7*u + 12*u - 7900 = 0. Suppose 5*m = -10, 2*v - n = -m + 20307. Is v prime?
True
Is (-11)/(88/(-3646320)) + 5 prime?
False
Let c(g) = g**2 + 16*g + 18. Let u be c(-15). Suppose 2*s = 4*s - u*n - 209, -4*s = 5*n - 407. Is s a composite number?
False
Let y(k) = 10*k**2 - 34 + 11*k**2 + 12*k**2 + 13*k + k**3. Is y(-27) prime?
True
Let u be 0 - 1/((-1)/(-8)). Suppose -7932 = -11*f - 7800. Is (-127)/(-4)*(f + u) composite?
False
Suppose 6*l + 3958 = -11654. Let q = l - -5126. Is (q/6)/((-14)/(-21)) prime?
True
Let k = 95 - 79. Suppose 0 = 2*q - 4*q + k. Suppose 9*a - 951 = q*a. Is a prime?
False
Let h(s) be the second derivative of -1549*s**3/6 - 43*s**2 + 11*s. Is h(-3) a prime number?
True
Let c(r) = 7414*r**2 - 28*r + 27. Let y be c(1). Let x(w) = 3*w. Let l be x(2). Suppose -d + y = l*d. Is d a composite number?
True
Let l = -68 - -93. Let g be (-56)/3 - (-16)/(-48). Let o = g + l. Is o prime?
False
Let t = 14528 - -24513. Is t composite?
False
Suppose -5*i + 960 = 11*i. Suppose 0 = -i*w - 34503 + 217443. Is w a composite number?
False
Is 6/((-33)/((-7623)/(-42)) + (-1076488)/(-5919958)) a prime number?
True
Let y = -96 - -101. Suppose -19130 = -y*h - 10*z + 5*z, 5*z - 7667 = -2*h. Is h a prime number?
True
Suppose -u + 50954 = -3*o, -19 = -2*o - 21. Is u a prime number?
True
Let d be (20/15)/(8/3540). Suppose 3*w - 5*w + d = 0. Let s = -84 + w. Is s a prime number?
True
Let z(p) = 9*p**2 + 18*p + 20. Suppose 156 = -4*r + 16. Is z(r) a composite number?
True
Let y(a) = 9006*a - 259. Is y(26) a composite number?
True
Let q = -190 - -25295. Is q a prime number?
False
Let s(o) = -11368*o + 581. Is s(-12) composite?
True
Let s(j) = -151*j + 9. Let m(y) = 75*y - 4. Let g(b) = 5*m(b) + 3*s(b). Is g(-5) composite?
False
Let v(i) = -203*i**2 + 20*i + 29. Let t be v(-7). Let h = t + 32287. Is h composite?
False
Suppose 2*i - 18 = 2*j, 4*i - 2*j = 40 - 6. Suppose -42*l - i = -44*l. Suppose 4*t + 3*a = 4760, 0*a = -l*t + a + 4776. Is t composite?
False
Suppose 0*q = 3*q + 2*p - 6, -35 = -5*q + 5*p. Let u be q/6 + (-234)/(-54). Suppose 7*l = u*l + 1858. Is l prime?
True
Let o = 4 + -4. Let j be (1 - -1)/(14/(-189)). Is 9/j*(o + -1)*6297 composite?
False
Let r(x) = 524*x**2 - 26*x + 311. Is r(8) a prime number?
False
Suppose 61 = -3*n + 1. Is 7/(35/n) - -7757 a composite number?
False
Let b(v) = -303*v +